 + (243 - (-10 - -7)) is divided by 19.
18
Suppose 0 = -10*p + 6*p + 20. Suppose 4*z + 172 = 5*h + 11, -p*z + 38 = h. What is the remainder when 128 is divided by h?
29
Let g(b) = -2*b**3 - 9*b**2 - 16*b - 1. What is the remainder when g(-4) is divided by 16?
15
Let a(u) = 2*u**2 - 2*u - 3*u**2 + 2*u**2 + 0 + 23*u**3 + 1. Let v be a(1). Suppose -v = -3*c + 43. What is the remainder when c is divided by 13?
9
Let w = -33 + 82. What is the remainder when 143 is divided by w?
45
Let i(a) = -2*a**2 - 10. Let v be i(-9). Let o = -85 - v. Calculate the remainder when o is divided by 18.
15
Suppose -42 = -5*k + 103. Suppose -9 = 2*n + 1. Calculate the remainder when k is divided by 9*(-4)/12*n.
14
Let x be 0/(-3) + ((-1)/1 - -3). Suppose -140 = -x*y + 6. What is the remainder when y is divided by 15?
13
Suppose -3*g + 107 = 26. Calculate the remainder when 93 is divided by -4 - (-4 + (3 - g)).
21
Let z = 10 + 0. What is the remainder when 47 - z/(10/2) is divided by 16?
13
Let t = -1836 - -2454. What is the remainder when t is divided by 21?
9
Let p(a) = -17*a - 4. Suppose -4 = -2*r + 2*l, 4*l = -2*r + 2*l - 16. Let n = 170 - 158. Calculate the remainder when p(r) is divided by n.
11
Let y(k) = -9*k**2 + 56*k + 13. Calculate the remainder when 85 is divided by y(6).
10
Let y(i) = -i**2 - 21*i + 73. Calculate the remainder when 145 is divided by y(-22).
43
Let p = 37 + -20. What is the remainder when 135 is divided by p?
16
Let w = 520 + -863. Let p = -174 - w. Calculate the remainder when p is divided by -86*(-2)/16*4.
40
Let j = -1591 + 2250. What is the remainder when j is divided by 11?
10
Suppose 73 = 2*h + 3*c, 4*h - 5*c = 103 + 32. What is the remainder when h is divided by 12?
11
Let i(j) = j**3 - 20*j**2 + 19*j + 10. Let k be i(19). Let z(x) = -x**2 + 12*x + 5. Calculate the remainder when z(k) is divided by 9.
7
Let y = 5 - -37. Suppose 0 = -33*v + 754 - 28. What is the remainder when y is divided by v?
20
Suppose 30 = -2*w + 126. Suppose 4*s - w = -2*d, 0 = -0*d + d - 4. Let h = -37 - -64. Calculate the remainder when h is divided by s.
7
What is the remainder when 53 is divided by 7 + (35/5 - 8)?
5
Suppose -4*j + 29 = -79. Let v = 17 + j. Suppose 0 = 4*u + 16, 6*y - 3*y - 5*u = v. Calculate the remainder when y is divided by 5.
3
Let z(r) = 7*r - 22. Let m(k) = -2*k + 25. Let u be m(6). Calculate the remainder when z(u) is divided by 14.
13
Let z(p) = -p**3 - 7*p**2 - 8*p + 1. Suppose 0 = 4*l - 68. Let h = 24 - l. What is the remainder when z(-6) is divided by h?
6
Let y = -271 + 676. What is the remainder when y is divided by 7?
6
Let k(r) = -3*r**2 - 66*r + 44. Calculate the remainder when k(-21) is divided by 55.
52
What is the remainder when 1/(-2) - 260/(-8) is divided by ((-21)/2)/3*(-15 + 13)?
4
Calculate the remainder when 449 - (555/(-105) + 2/7) is divided by 24.
22
Suppose -27*c = -151 - 1010. Calculate the remainder when c is divided by 22.
21
Suppose 11*u - 307 = 34. What is the remainder when 245 is divided by u?
28
What is the remainder when 64 is divided by (-2)/3 - 1952/(-48)?
24
Let t(s) = 3*s + 27. Let g = -73 + 69. Calculate the remainder when 104 is divided by t(g).
14
Let p(t) = -3*t + 1. Let m = 127 - 199. Calculate the remainder when (m/(-30))/(3/75) is divided by p(-5).
12
Suppose 2*z + 38*z - 6400 = 0. What is the remainder when z is divided by 23?
22
Suppose 3*t - 45 = -2*p, -45 = -3*t + 5*p - 3*p. Suppose -3*r = -t - 63. Calculate the remainder when r is divided by 9.
8
Suppose -2333 + 274 = -3*l + 2*b, 705 = l + 4*b. What is the remainder when l is divided by 99?
95
Let b = 33 + -9. What is the remainder when (-6)/b + (-121)/(-4) is divided by 6?
0
Let w = -32 - -40. Suppose 0*y = -w*y + 32. What is the remainder when (-19)/(1*(-2)/y) is divided by 10?
8
Let v = -5 + 2. Let f(z) = z**3 + 8*z**2 + 8*z + 3. Calculate the remainder when f(v) is divided by 13.
11
Let x = -51 + 89. Suppose x + 7 = 5*k. Let a = 83 - 49. Calculate the remainder when a is divided by k.
7
Suppose -4*q = 3*c - 25, 5*q - 3*q + 5 = -5*c. Let u = q - 1. Suppose 0 = -k - 3*h - 3 - 9, 5*k + 3*h = 0. What is the remainder when u is divided by k?
0
Suppose -44 = -t - 3*h + 7, -2*t + h = -67. Suppose 4*b = -8*n + 4*n + t, -b = -2*n + 30. What is the remainder when 38 is divided by n?
12
Let v be (8/(-6))/(2/(-6)). Let a = 10 - v. Calculate the remainder when 7 is divided by a.
1
Let j(a) = -2*a + 37. Let k = -15 - -30. Calculate the remainder when 33 is divided by j(k).
5
Suppose 0 = 38*a - 92 - 5950. Calculate the remainder when a is divided by 23.
21
Suppose 44*f = 42*f + 16. Calculate the remainder when 9 is divided by f.
1
Suppose -6*r = -2*r. Suppose -6*y + 2*y + 20 = r. Calculate the remainder when 7 is divided by (1 + 0)/(1/y).
2
Let v be 4 - 3*16/(-12). Suppose 0 = -v*b + 102 + 2. What is the remainder when 49 is divided by b?
10
Suppose 19*h - 1091 - 885 = 0. Calculate the remainder when h is divided by 18.
14
Suppose -4*r = -53 - 67. Suppose -24*k + 23*k = -r. Suppose 4*b = k + 34. Calculate the remainder when 28 is divided by b.
12
Let l = -146 + 217. What is the remainder when l is divided by 38?
33
Let k(y) = -y**2 - 6*y + 5. Let p = 202 + -139. Let j = 101 - p. What is the remainder when j is divided by k(-5)?
8
Calculate the remainder when (1/(-2)*-2)/((-112)/(-58016)) is divided by 87.
83
What is the remainder when (-20)/(-8)*1248/15 is divided by 30?
28
Let x(a) = -2*a**2 - 10*a + 8. Let w(t) = 4*t**2 + 22*t - 15. Let b(j) = 3*w(j) + 5*x(j). Calculate the remainder when 33 is divided by b(-9).
7
Let z = 24 - 14. Let n = -8 + z. Calculate the remainder when n/10 - (-133)/35 is divided by 2.
0
Let o(k) = -15*k**3 + k**2 - 2*k + 2. Calculate the remainder when 906 is divided by o(-2).
126
Let w = 50 - 20. What is the remainder when w is divided by 17?
13
Let f(z) = 2*z**2 + 3*z + 1. Let i = -14 - -12. Let x be f(i). Calculate the remainder when 21 is divided by 18/(-4)*(-4)/x.
3
Let y(b) = b**3 - 26*b**2 - 45*b - 92. Calculate the remainder when y(28) is divided by 83.
50
Let q(p) = 5*p - 32. Suppose 4 = b + 2. Suppose 3*s - 40 = -b*s. Calculate the remainder when q(14) is divided by s.
6
Let v be 5 + (-16 - -1)/5. Calculate the remainder when 34 is divided by 2*(10/4 + v).
7
Let i = 89 - 100. Let j = 18 - i. Calculate the remainder when 85 is divided by j.
27
Let t(g) = -3*g - 34. Let k be t(-8). Calculate the remainder when (172/(-6))/(-1)*(-15)/k is divided by 18.
7
Calculate the remainder when 233 is divided by 2 + 1 + -1 + (38 - -24).
41
Let p(h) = 15*h - 10. Let x be p(3). Suppose -5*u - x = -5*v, 0*u + 5*u - 7 = -2*v. Let l = 19 - 8. Calculate the remainder when l is divided by v.
5
Suppose 13 = 2*w - 39. Suppose 5*g - 3*g = w. Let i(j) = j + 2. What is the remainder when g is divided by i(6)?
5
Let b be 1*(6 + -4)*1. Suppose -4*o + 11 = 3*r - 18, -34 = -b*r + o. Calculate the remainder when r is divided by 4/14 + 54/7.
7
Let t = -280 - -402. What is the remainder when t is divided by 42?
38
Let z(l) = -l**3 - 28*l**2 - 4*l + 68. What is the remainder when z(-28) is divided by 14?
12
Let m(a) = a**3 + a**2 + 2. Let p be m(0). Suppose p*r - 23 + 1 = 0. Calculate the remainder when 17 is divided by r.
6
Let l = -388 + 394. Calculate the remainder when 187 is divided by l.
1
Suppose 3*w - 25 = 2*a, 11*w = 6*w - 2*a + 47. What is the remainder when 35 is divided by w?
8
Suppose -3*o = 5*q + 9, 3*q + 5 = 4*o - 12. What is the remainder when (-5)/o + 1185/6 is divided by 50?
45
Let r = -63 - -65. Suppose r*n = 80 + 80. Calculate the remainder when n is divided by 9.
8
What is the remainder when 438 is divided by (1 - 4) + (1 + -21)*-1?
13
Calculate the remainder when 54 is divided by (8/(-6))/((-2)/24).
6
Suppose -285 = -2*i - 221. Calculate the remainder when 150 is divided by i.
22
Suppose 0 = c - 1, -131 = 5*l - 5*c - 26. Let x = l + 66. Calculate the remainder when x is divided by 25.
21
Let a be 3*(-2 - (0 - -1)). Calculate the remainder when 9 is divided by (a/12)/((-2)/8).
0
Suppose 0 = 12*l + 10*l - 264. Calculate the remainder when 4 - (10 + -4)*-3 is divided by l.
10
Let b(q) be the third derivative of q**4/24 - q**3/6 - 8*q**2. Let m be b(4). Suppose 0 = -m*a + 130 + 14. Calculate the remainder when a is divided by